{"id":9,"date":"2015-07-29T21:34:03","date_gmt":"2015-07-29T19:34:03","guid":{"rendered":"http:\/\/krust.ohnge.com\/volz\/?page_id=9"},"modified":"2026-02-02T14:48:04","modified_gmt":"2026-02-02T13:48:04","slug":"programm","status":"publish","type":"page","link":"http:\/\/www.atelierwerkstatt-albert-volz.de\/wp\/?page_id=9","title":{"rendered":"Programm"},"content":{"rendered":"<h1>Sonderausstellung 2026<br \/>\n<em>\u201eAUGENBLICKE\u201c<\/em><\/h1>\n<h2>Werke von <em>Ingrid M\u00f6hle<\/em><b><br \/>\n<\/b><\/h2>\n<h3><strong>Ausstellungser\u00f6ffnung am Freitag, den 26. Juni 2026 um 19:00 Uhr<\/strong><\/h3>\n<p><a href=\"http:\/\/www.atelierwerkstatt-albert-volz.de\/wp\/wp-content\/uploads\/2026\/02\/web-Plakat-Moehle2026.jpg\"><img loading=\"lazy\" decoding=\"async\" class=\"alignnone wp-image-880 size-full\" src=\"http:\/\/www.atelierwerkstatt-albert-volz.de\/wp\/wp-content\/uploads\/2026\/02\/web-Plakat-Moehle2026.jpg\" alt=\"\" width=\"707\" height=\"1000\" srcset=\"http:\/\/www.atelierwerkstatt-albert-volz.de\/wp\/wp-content\/uploads\/2026\/02\/web-Plakat-Moehle2026.jpg 707w, http:\/\/www.atelierwerkstatt-albert-volz.de\/wp\/wp-content\/uploads\/2026\/02\/web-Plakat-Moehle2026-212x300.jpg 212w\" sizes=\"auto, (max-width: 707px) 100vw, 707px\" \/><\/a><\/p>\n<p><strong><span class=\"fontstyle0\">Ingrid M\u00f6hle, <\/span><\/strong><span class=\"fontstyle0\">geboren und aufgewachsen in Altbulach, lebt heute in Nagold.<\/span><\/p>\n<p><span class=\"fontstyle0\">Seit mehr als zwanzig Jahren setzt sie sich mit der Bildenden Kunst auseinander, zun\u00e4chst autodidaktisch, dann erweiterte sie ihre Kenntnisse und F\u00e4higkeiten in Kursen und Seminaren bei verschiedenen K\u00fcnstlern und Dozenten.<\/span><\/p>\n<p><span class=\"fontstyle0\">Sie ist Mitglied im Kunstkreis Oberes Nagoldtal und im Kunstverein Oberer Neckar.<\/span><\/p>\n<p><span class=\"fontstyle0\">Wichtigstes Motiv ist f\u00fcr die K\u00fcnstlerin der Mensch, das Portrait.<\/span><\/p>\n<p><span class=\"fontstyle0\">Einen Teil der Pers\u00f6nlichkeit zu erfassen, Gef\u00fchle und Emotionen festzuhalten, das ist bei jedem neuen Motiv wieder spannend und einzigartig.<\/span><\/p>\n<p><span class=\"fontstyle0\">Eine weitere Malrichtung, die Ingrid M\u00f6hle eingeschlagen hat, sind Anamorphosen.<\/span><\/p>\n<p><span class=\"fontstyle0\">Diese sind f\u00fcr die K\u00fcnstlerin ein Spiel mit der Wahrnehmung, dem Schein und der Wirklichkeit.<\/span><\/p>\nngg_shortcode_0_placeholder\n","protected":false},"excerpt":{"rendered":"<p>Sonderausstellung 2026 \u201eAUGENBLICKE\u201c Werke von Ingrid M\u00f6hle Ausstellungser\u00f6ffnung am Freitag, den 26. Juni 2026 um 19:00 Uhr Ingrid M\u00f6hle, geboren und aufgewachsen in Altbulach, lebt heute in Nagold. Seit mehr als zwanzig Jahren setzt sie sich mit der Bildenden Kunst auseinander, zun\u00e4chst autodidaktisch, dann erweiterte sie ihre Kenntnisse und F\u00e4higkeiten in Kursen und Seminaren bei [&hellip;]<\/p>\n","protected":false},"author":1,"featured_media":0,"parent":0,"menu_order":0,"comment_status":"closed","ping_status":"closed","template":"","meta":{"ngg_post_thumbnail":0,"footnotes":""},"class_list":["post-9","page","type-page","status-publish","hentry"],"_links":{"self":[{"href":"http:\/\/www.atelierwerkstatt-albert-volz.de\/wp\/index.php?rest_route=\/wp\/v2\/pages\/9","targetHints":{"allow":["GET"]}}],"collection":[{"href":"http:\/\/www.atelierwerkstatt-albert-volz.de\/wp\/index.php?rest_route=\/wp\/v2\/pages"}],"about":[{"href":"http:\/\/www.atelierwerkstatt-albert-volz.de\/wp\/index.php?rest_route=\/wp\/v2\/types\/page"}],"author":[{"embeddable":true,"href":"http:\/\/www.atelierwerkstatt-albert-volz.de\/wp\/index.php?rest_route=\/wp\/v2\/users\/1"}],"replies":[{"embeddable":true,"href":"http:\/\/www.atelierwerkstatt-albert-volz.de\/wp\/index.php?rest_route=%2Fwp%2Fv2%2Fcomments&post=9"}],"version-history":[{"count":67,"href":"http:\/\/www.atelierwerkstatt-albert-volz.de\/wp\/index.php?rest_route=\/wp\/v2\/pages\/9\/revisions"}],"predecessor-version":[{"id":897,"href":"http:\/\/www.atelierwerkstatt-albert-volz.de\/wp\/index.php?rest_route=\/wp\/v2\/pages\/9\/revisions\/897"}],"wp:attachment":[{"href":"http:\/\/www.atelierwerkstatt-albert-volz.de\/wp\/index.php?rest_route=%2Fwp%2Fv2%2Fmedia&parent=9"}],"curies":[{"name":"wp","href":"https:\/\/api.w.org\/{rel}","templated":true}]}}

<h1>Sonderausstellung 2026<br />
<em>„AUGENBLICKE“</em></h1>
<h2>Werke von <em>Ingrid Möhle</em><b><br />
</b></h2>
<h3><strong>Ausstellungseröffnung am Freitag, den 26. Juni 2026 um 19:00 Uhr</strong></h3>
<p><a href="http://www.atelierwerkstatt-albert-volz.de/wp/wp-content/uploads/2026/02/web-Plakat-Moehle2026.jpg"><img loading="lazy" decoding="async" class="alignnone wp-image-880 size-full" src="http://www.atelierwerkstatt-albert-volz.de/wp/wp-content/uploads/2026/02/web-Plakat-Moehle2026.jpg" alt="" width="707" height="1000" srcset="http://www.atelierwerkstatt-albert-volz.de/wp/wp-content/uploads/2026/02/web-Plakat-Moehle2026.jpg 707w, http://www.atelierwerkstatt-albert-volz.de/wp/wp-content/uploads/2026/02/web-Plakat-Moehle2026-212x300.jpg 212w" sizes="auto, (max-width: 707px) 100vw, 707px" /></a></p>
<p><strong><span class="fontstyle0">Ingrid Möhle, </span></strong><span class="fontstyle0">geboren und aufgewachsen in Altbulach, lebt heute in Nagold.</span></p>
<p><span class="fontstyle0">Seit mehr als zwanzig Jahren setzt sie sich mit der Bildenden Kunst auseinander, zunächst autodidaktisch, dann erweiterte sie ihre Kenntnisse und Fähigkeiten in Kursen und Seminaren bei verschiedenen Künstlern und Dozenten.</span></p>
<p><span class="fontstyle0">Sie ist Mitglied im Kunstkreis Oberes Nagoldtal und im Kunstverein Oberer Neckar.</span></p>
<p><span class="fontstyle0">Wichtigstes Motiv ist für die Künstlerin der Mensch, das Portrait.</span></p>
<p><span class="fontstyle0">Einen Teil der Persönlichkeit zu erfassen, Gefühle und Emotionen festzuhalten, das ist bei jedem neuen Motiv wieder spannend und einzigartig.</span></p>
<p><span class="fontstyle0">Eine weitere Malrichtung, die Ingrid Möhle eingeschlagen hat, sind Anamorphosen.</span></p>
<p><span class="fontstyle0">Diese sind für die Künstlerin ein Spiel mit der Wahrnehmung, dem Schein und der Wirklichkeit.</span></p>
ngg_shortcode_0_placeholder

<p>Sonderausstellung 2026 „AUGENBLICKE“ Werke von Ingrid Möhle Ausstellungseröffnung am Freitag, den 26. Juni 2026 um 19:00 Uhr Ingrid Möhle, geboren und aufgewachsen in Altbulach, lebt heute in Nagold. Seit mehr als zwanzig Jahren setzt sie sich mit der Bildenden Kunst auseinander, zunächst autodidaktisch, dann erweiterte sie ihre Kenntnisse und Fähigkeiten in Kursen und Seminaren bei [&hellip;]</p>
