{"id":699,"date":"2024-07-03T12:44:04","date_gmt":"2024-07-03T10:44:04","guid":{"rendered":"http:\/\/www.atelierwerkstatt-albert-volz.de\/wp\/?page_id=699"},"modified":"2024-07-03T14:38:57","modified_gmt":"2024-07-03T12:38:57","slug":"2024-gaby-bohnet","status":"publish","type":"page","link":"http:\/\/www.atelierwerkstatt-albert-volz.de\/wp\/?page_id=699","title":{"rendered":"2024 &#8211; Gaby Bohnet"},"content":{"rendered":"<h1>Sonderausstellung 2024 &#8211; <em>&#8222;Malerei&#8220;<\/em><\/h1>\n<h2>Werke von <b>Gaby Bohnet<br \/>\n<\/b><\/h2>\n<h3><strong>Ausstellungser\u00f6ffnung am Freitag, den 28. Juni 2024 um 19:00 Uhr<br \/>\n<\/strong><\/h3>\n<p><a href=\"http:\/\/www.atelierwerkstatt-albert-volz.de\/wp\/wp-content\/uploads\/2024\/03\/Plakat-web.jpg\"><img loading=\"lazy\" decoding=\"async\" class=\"wp-image-696 size-full aligncenter\" src=\"http:\/\/www.atelierwerkstatt-albert-volz.de\/wp\/wp-content\/uploads\/2024\/03\/Plakat-web.jpg\" alt=\"\" width=\"712\" height=\"1000\" srcset=\"http:\/\/www.atelierwerkstatt-albert-volz.de\/wp\/wp-content\/uploads\/2024\/03\/Plakat-web.jpg 712w, http:\/\/www.atelierwerkstatt-albert-volz.de\/wp\/wp-content\/uploads\/2024\/03\/Plakat-web-214x300.jpg 214w\" sizes=\"auto, (max-width: 712px) 100vw, 712px\" \/><\/a><\/p>\n<p><em>Seit ca. 14 Jahren besuche ich die Kunstakademie von Tamara Gro\u00df in Calw-Wimberg.<\/em><br \/>\n<em>Bei Ihr lernte ich verschiedene Techniken und fand so zu meinem Stil.<\/em><\/p>\n<p><em>Zum Malen wurde ich animiert von meinem Ehemann, der mir im Jahre1999 zu Weihnachten eine Staffelei und Farben schenkte. Wir sind damals in unser neues Eigenheim eingezogen und brauchten noch ein paar Gem\u00e4lde zur Deko der kahlen W\u00e4nde.<\/em><br \/>\n<em>Mein Mann meinte, ich k\u00f6nnte auch selbst Bilder malen.<\/em><\/p>\n<p><em>Angefangen habe ich bei einem Volkshochschulkurs mit Aquarellmalerei.<\/em><\/p>\n<p><em>Nach dem Tod von Albert Volz, schenkte mir Familie Volz eine gro\u00dfe Menge an \u00d6lfarben.<\/em><br \/>\n<em>So kam es, dass ich mich der \u00d6lmalerei widmete. Bevorzugt male ich eine Mixtechnik aus Acryl und \u00d6l, bzw. Aquarell und \u00d6l.<\/em><\/p>\n<p><em>Die meisten Gem\u00e4lde von Personen stammen aus meinem Familien- und Freundeskreis. Einige Urlaubseindr\u00fccke habe ich ebenfalls auf Leinwand festgehalten.<\/em><\/p>\n<p><a href=\"http:\/\/www.atelierwerkstatt-albert-volz.de\/wp\/wp-content\/uploads\/2024\/02\/P1110342.jpg\"><img loading=\"lazy\" decoding=\"async\" class=\"alignnone size-medium wp-image-686\" src=\"http:\/\/www.atelierwerkstatt-albert-volz.de\/wp\/wp-content\/uploads\/2024\/02\/P1110342-300x300.jpg\" alt=\"\" width=\"300\" height=\"300\" srcset=\"http:\/\/www.atelierwerkstatt-albert-volz.de\/wp\/wp-content\/uploads\/2024\/02\/P1110342-300x300.jpg 300w, http:\/\/www.atelierwerkstatt-albert-volz.de\/wp\/wp-content\/uploads\/2024\/02\/P1110342-150x150.jpg 150w, http:\/\/www.atelierwerkstatt-albert-volz.de\/wp\/wp-content\/uploads\/2024\/02\/P1110342-768x768.jpg 768w, http:\/\/www.atelierwerkstatt-albert-volz.de\/wp\/wp-content\/uploads\/2024\/02\/P1110342.jpg 990w\" sizes=\"auto, (max-width: 300px) 100vw, 300px\" \/><\/a> <a href=\"http:\/\/www.atelierwerkstatt-albert-volz.de\/wp\/wp-content\/uploads\/2024\/02\/P1110343.jpg\"><img loading=\"lazy\" decoding=\"async\" class=\"alignnone size-medium wp-image-687\" src=\"http:\/\/www.atelierwerkstatt-albert-volz.de\/wp\/wp-content\/uploads\/2024\/02\/P1110343-300x300.jpg\" alt=\"\" width=\"300\" height=\"300\" srcset=\"http:\/\/www.atelierwerkstatt-albert-volz.de\/wp\/wp-content\/uploads\/2024\/02\/P1110343-300x300.jpg 300w, http:\/\/www.atelierwerkstatt-albert-volz.de\/wp\/wp-content\/uploads\/2024\/02\/P1110343-150x150.jpg 150w, http:\/\/www.atelierwerkstatt-albert-volz.de\/wp\/wp-content\/uploads\/2024\/02\/P1110343-768x768.jpg 768w, http:\/\/www.atelierwerkstatt-albert-volz.de\/wp\/wp-content\/uploads\/2024\/02\/P1110343.jpg 990w\" sizes=\"auto, (max-width: 300px) 100vw, 300px\" \/><\/a> <a href=\"http:\/\/www.atelierwerkstatt-albert-volz.de\/wp\/wp-content\/uploads\/2024\/02\/P1110347.jpg\"><img loading=\"lazy\" decoding=\"async\" class=\"alignnone size-medium wp-image-688\" src=\"http:\/\/www.atelierwerkstatt-albert-volz.de\/wp\/wp-content\/uploads\/2024\/02\/P1110347-300x300.jpg\" alt=\"\" width=\"300\" height=\"300\" srcset=\"http:\/\/www.atelierwerkstatt-albert-volz.de\/wp\/wp-content\/uploads\/2024\/02\/P1110347-300x300.jpg 300w, http:\/\/www.atelierwerkstatt-albert-volz.de\/wp\/wp-content\/uploads\/2024\/02\/P1110347-150x150.jpg 150w, http:\/\/www.atelierwerkstatt-albert-volz.de\/wp\/wp-content\/uploads\/2024\/02\/P1110347-768x768.jpg 768w, http:\/\/www.atelierwerkstatt-albert-volz.de\/wp\/wp-content\/uploads\/2024\/02\/P1110347.jpg 990w\" sizes=\"auto, (max-width: 300px) 100vw, 300px\" \/><\/a><\/p>\n<p><a href=\"http:\/\/www.atelierwerkstatt-albert-volz.de\/wp\/wp-content\/uploads\/2024\/02\/P1110351.jpg\"><img loading=\"lazy\" decoding=\"async\" class=\"alignnone wp-image-689\" src=\"http:\/\/www.atelierwerkstatt-albert-volz.de\/wp\/wp-content\/uploads\/2024\/02\/P1110351-207x300.jpg\" alt=\"\" width=\"300\" height=\"434\" srcset=\"http:\/\/www.atelierwerkstatt-albert-volz.de\/wp\/wp-content\/uploads\/2024\/02\/P1110351-207x300.jpg 207w, http:\/\/www.atelierwerkstatt-albert-volz.de\/wp\/wp-content\/uploads\/2024\/02\/P1110351.jpg 691w\" sizes=\"auto, (max-width: 300px) 100vw, 300px\" \/><\/a> <a href=\"http:\/\/www.atelierwerkstatt-albert-volz.de\/wp\/wp-content\/uploads\/2024\/02\/P1110353.jpg\"><img loading=\"lazy\" decoding=\"async\" class=\"alignnone wp-image-690\" src=\"http:\/\/www.atelierwerkstatt-albert-volz.de\/wp\/wp-content\/uploads\/2024\/02\/P1110353-207x300.jpg\" alt=\"\" width=\"300\" height=\"434\" srcset=\"http:\/\/www.atelierwerkstatt-albert-volz.de\/wp\/wp-content\/uploads\/2024\/02\/P1110353-207x300.jpg 207w, http:\/\/www.atelierwerkstatt-albert-volz.de\/wp\/wp-content\/uploads\/2024\/02\/P1110353.jpg 691w\" sizes=\"auto, (max-width: 300px) 100vw, 300px\" \/><\/a> <a href=\"http:\/\/www.atelierwerkstatt-albert-volz.de\/wp\/wp-content\/uploads\/2024\/02\/P1110355.jpg\"><img loading=\"lazy\" decoding=\"async\" class=\"alignnone wp-image-691\" src=\"http:\/\/www.atelierwerkstatt-albert-volz.de\/wp\/wp-content\/uploads\/2024\/02\/P1110355-207x300.jpg\" alt=\"\" width=\"300\" height=\"434\" srcset=\"http:\/\/www.atelierwerkstatt-albert-volz.de\/wp\/wp-content\/uploads\/2024\/02\/P1110355-207x300.jpg 207w, http:\/\/www.atelierwerkstatt-albert-volz.de\/wp\/wp-content\/uploads\/2024\/02\/P1110355.jpg 691w\" sizes=\"auto, (max-width: 300px) 100vw, 300px\" \/><\/a><\/p>\n<p>&nbsp;<\/p>\n<p><strong>Vernissage von Gaby Bohnet in der Atelierwerkstatt Volz<\/strong><\/p>\n<p><em>Altbulach, 28.6. 2024<\/em><\/p>\n<p>Der K\u00fcnstlergarten der Atelierwerkstatt Volz verwandelte sich am Freitagabend in einen magischen Ort.<br \/>\nMehr als 100 Besucher lie\u00dfen es sich nicht nehmen, die Er\u00f6ffnung der Sonderausstellung von Gaby Bohnet im wildromantischen K\u00fcnstlergarten zu erleben.<br \/>\nDie Atmosph\u00e4re war inspirierend und einladend und zog die Besucher von Anfang an in ihren Bann.<\/p>\n<p>Die offizielle Er\u00f6ffnung der Vernissage \u00fcbernahm Barbara Haas, Tochter von Albert Volz.<br \/>\nIn ihrer Begr\u00fc\u00dfungsrede w\u00fcrdigte Haas die beeindruckende k\u00fcnstlerische Entwicklung von Gaby Bohnet, die seit vielen Jahren mit der Atelierwerkstatt eng verbunden ist.&nbsp;<br \/>\n&#8222;Gaby Bohnet hat sich durch ihr Engagement, ihren liebevollen Blick auf die Welt und die Bereitschaft f\u00fcr ein kontinuierliches Lernen einen Platz in der Kunstwelt erarbeitet. Ihre Werke sprechen f\u00fcr sich und ber\u00fchren die Betrachter auf eine besondere Weise.&#8220;<\/p>\n<p>Gaby Bohnet, die seit 14 Jahren die Kunstakademie von Tamara Gro\u00df in Calw besucht, hat im Laufe der Jahre einen einzigartigen und pers\u00f6nlichen Malstil entwickelt.<br \/>\nIhre Arbeiten, die von detaillierten Landschaften bis hin zu ausdrucksstarken Portr\u00e4ts reichen, zeugen von gro\u00dfer technischer Fertigkeit und einer tiefen Leidenschaft f\u00fcr die Kunst.<\/p>\n<p>Nachdem auch die K\u00fcnstlerin in ihrer sympathisch-nat\u00fcrlichen Art die G\u00e4ste begr\u00fc\u00dft und sich beim Ehepaar Volz, Frau Haas und allen Helfern f\u00fcr die engagierte Durchf\u00fchrung bedankt hatte, begann ein launiger Sommerabend, der sich unter der \u00dcberschrift \u201eEin Abend der Begegnungen und Gen\u00fcsse\u201c zusammenfassen l\u00e4sst.<\/p>\n<p>Die Vernissage bot nicht nur visuelle, sondern auch kulinarische und musikalische Gen\u00fcsse.<br \/>\nDie Besucher hatten die Gelegenheit, bei einem erfrischenden Aperitif und k\u00f6stlichem Fingerfood ins Gespr\u00e4ch zu kommen und sich mit der K\u00fcnstlerin pers\u00f6nlich auszutauschen.<\/p>\n<p>Diese M\u00f6glichkeit, mehr \u00fcber die Inspirationsquellen und die Techniken von Gaby Bohnet zu erfahren, wurde von den G\u00e4sten gerne angenommen.<br \/>\nFeinf\u00fchlig erg\u00e4nzt wurde die Veranstaltung durch die S\u00e4ngerin und Gitarristin Annalena Klink, die mit ihrem einf\u00fchlsamen Gesang und ihrer sch\u00f6nen Stimme zum Gelingen des Abends beitrug.<\/p>\n<p>Die Ausstellung in der Atelierwerkstatt und die Gespr\u00e4che im K\u00fcnstlergarten waren ein voller Erfolg. Die Kombination aus beeindruckender Kunst, inspirierenden Gespr\u00e4chen und einer traumhaften Umgebung machte diesen Abend zu einem besonderen Erlebnis.<br \/>\nDie Ausstellung der Werke von Gaby Bohnet ist noch bis zum 4. August 2024 zu sehen und bietet allen Kunstliebhabern die Gelegenheit, die faszinierenden Arbeiten einer au\u00dfergew\u00f6hnlichen K\u00fcnstlerin zu entdecken. F\u00fcr alle, die die heutige Vernissage verpasst haben, bleibt also noch gen\u00fcgend Zeit, die Kunst von Gaby Bohnet in der einzigartigen Atmosph\u00e4re der Atelierwerkstatt Volz zu genie\u00dfen.<\/p>\nngg_shortcode_0_placeholder\n","protected":false},"excerpt":{"rendered":"<p>Sonderausstellung 2024 &#8211; &#8222;Malerei&#8220; Werke von Gaby Bohnet Ausstellungser\u00f6ffnung am Freitag, den 28. Juni 2024 um 19:00 Uhr Seit ca. 14 Jahren besuche ich die Kunstakademie von Tamara Gro\u00df in Calw-Wimberg. Bei Ihr lernte ich verschiedene Techniken und fand so zu meinem Stil. Zum Malen wurde ich animiert von meinem Ehemann, der mir im Jahre1999 [&hellip;]<\/p>\n","protected":false},"author":1,"featured_media":0,"parent":0,"menu_order":0,"comment_status":"closed","ping_status":"closed","template":"","meta":{"ngg_post_thumbnail":0,"footnotes":""},"class_list":["post-699","page","type-page","status-publish","hentry"],"_links":{"self":[{"href":"http:\/\/www.atelierwerkstatt-albert-volz.de\/wp\/index.php?rest_route=\/wp\/v2\/pages\/699","targetHints":{"allow":["GET"]}}],"collection":[{"href":"http:\/\/www.atelierwerkstatt-albert-volz.de\/wp\/index.php?rest_route=\/wp\/v2\/pages"}],"about":[{"href":"http:\/\/www.atelierwerkstatt-albert-volz.de\/wp\/index.php?rest_route=\/wp\/v2\/types\/page"}],"author":[{"embeddable":true,"href":"http:\/\/www.atelierwerkstatt-albert-volz.de\/wp\/index.php?rest_route=\/wp\/v2\/users\/1"}],"replies":[{"embeddable":true,"href":"http:\/\/www.atelierwerkstatt-albert-volz.de\/wp\/index.php?rest_route=%2Fwp%2Fv2%2Fcomments&post=699"}],"version-history":[{"count":6,"href":"http:\/\/www.atelierwerkstatt-albert-volz.de\/wp\/index.php?rest_route=\/wp\/v2\/pages\/699\/revisions"}],"predecessor-version":[{"id":740,"href":"http:\/\/www.atelierwerkstatt-albert-volz.de\/wp\/index.php?rest_route=\/wp\/v2\/pages\/699\/revisions\/740"}],"wp:attachment":[{"href":"http:\/\/www.atelierwerkstatt-albert-volz.de\/wp\/index.php?rest_route=%2Fwp%2Fv2%2Fmedia&parent=699"}],"curies":[{"name":"wp","href":"https:\/\/api.w.org\/{rel}","templated":true}]}}

<h1>Sonderausstellung 2024 &#8211; <em>&#8222;Malerei&#8220;</em></h1>
<h2>Werke von <b>Gaby Bohnet<br />
</b></h2>
<h3><strong>Ausstellungseröffnung am Freitag, den 28. Juni 2024 um 19:00 Uhr<br />
</strong></h3>
<p><a href="http://www.atelierwerkstatt-albert-volz.de/wp/wp-content/uploads/2024/03/Plakat-web.jpg"><img loading="lazy" decoding="async" class="wp-image-696 size-full aligncenter" src="http://www.atelierwerkstatt-albert-volz.de/wp/wp-content/uploads/2024/03/Plakat-web.jpg" alt="" width="712" height="1000" srcset="http://www.atelierwerkstatt-albert-volz.de/wp/wp-content/uploads/2024/03/Plakat-web.jpg 712w, http://www.atelierwerkstatt-albert-volz.de/wp/wp-content/uploads/2024/03/Plakat-web-214x300.jpg 214w" sizes="auto, (max-width: 712px) 100vw, 712px" /></a></p>
<p><em>Seit ca. 14 Jahren besuche ich die Kunstakademie von Tamara Groß in Calw-Wimberg.</em><br />
<em>Bei Ihr lernte ich verschiedene Techniken und fand so zu meinem Stil.</em></p>
<p><em>Zum Malen wurde ich animiert von meinem Ehemann, der mir im Jahre1999 zu Weihnachten eine Staffelei und Farben schenkte. Wir sind damals in unser neues Eigenheim eingezogen und brauchten noch ein paar Gemälde zur Deko der kahlen Wände.</em><br />
<em>Mein Mann meinte, ich könnte auch selbst Bilder malen.</em></p>
<p><em>Angefangen habe ich bei einem Volkshochschulkurs mit Aquarellmalerei.</em></p>
<p><em>Nach dem Tod von Albert Volz, schenkte mir Familie Volz eine große Menge an Ölfarben.</em><br />
<em>So kam es, dass ich mich der Ölmalerei widmete. Bevorzugt male ich eine Mixtechnik aus Acryl und Öl, bzw. Aquarell und Öl.</em></p>
<p><em>Die meisten Gemälde von Personen stammen aus meinem Familien- und Freundeskreis. Einige Urlaubseindrücke habe ich ebenfalls auf Leinwand festgehalten.</em></p>
<p><a href="http://www.atelierwerkstatt-albert-volz.de/wp/wp-content/uploads/2024/02/P1110342.jpg"><img loading="lazy" decoding="async" class="alignnone size-medium wp-image-686" src="http://www.atelierwerkstatt-albert-volz.de/wp/wp-content/uploads/2024/02/P1110342-300x300.jpg" alt="" width="300" height="300" srcset="http://www.atelierwerkstatt-albert-volz.de/wp/wp-content/uploads/2024/02/P1110342-300x300.jpg 300w, http://www.atelierwerkstatt-albert-volz.de/wp/wp-content/uploads/2024/02/P1110342-150x150.jpg 150w, http://www.atelierwerkstatt-albert-volz.de/wp/wp-content/uploads/2024/02/P1110342-768x768.jpg 768w, http://www.atelierwerkstatt-albert-volz.de/wp/wp-content/uploads/2024/02/P1110342.jpg 990w" sizes="auto, (max-width: 300px) 100vw, 300px" /></a> <a href="http://www.atelierwerkstatt-albert-volz.de/wp/wp-content/uploads/2024/02/P1110343.jpg"><img loading="lazy" decoding="async" class="alignnone size-medium wp-image-687" src="http://www.atelierwerkstatt-albert-volz.de/wp/wp-content/uploads/2024/02/P1110343-300x300.jpg" alt="" width="300" height="300" srcset="http://www.atelierwerkstatt-albert-volz.de/wp/wp-content/uploads/2024/02/P1110343-300x300.jpg 300w, http://www.atelierwerkstatt-albert-volz.de/wp/wp-content/uploads/2024/02/P1110343-150x150.jpg 150w, http://www.atelierwerkstatt-albert-volz.de/wp/wp-content/uploads/2024/02/P1110343-768x768.jpg 768w, http://www.atelierwerkstatt-albert-volz.de/wp/wp-content/uploads/2024/02/P1110343.jpg 990w" sizes="auto, (max-width: 300px) 100vw, 300px" /></a> <a href="http://www.atelierwerkstatt-albert-volz.de/wp/wp-content/uploads/2024/02/P1110347.jpg"><img loading="lazy" decoding="async" class="alignnone size-medium wp-image-688" src="http://www.atelierwerkstatt-albert-volz.de/wp/wp-content/uploads/2024/02/P1110347-300x300.jpg" alt="" width="300" height="300" srcset="http://www.atelierwerkstatt-albert-volz.de/wp/wp-content/uploads/2024/02/P1110347-300x300.jpg 300w, http://www.atelierwerkstatt-albert-volz.de/wp/wp-content/uploads/2024/02/P1110347-150x150.jpg 150w, http://www.atelierwerkstatt-albert-volz.de/wp/wp-content/uploads/2024/02/P1110347-768x768.jpg 768w, http://www.atelierwerkstatt-albert-volz.de/wp/wp-content/uploads/2024/02/P1110347.jpg 990w" sizes="auto, (max-width: 300px) 100vw, 300px" /></a></p>
<p><a href="http://www.atelierwerkstatt-albert-volz.de/wp/wp-content/uploads/2024/02/P1110351.jpg"><img loading="lazy" decoding="async" class="alignnone wp-image-689" src="http://www.atelierwerkstatt-albert-volz.de/wp/wp-content/uploads/2024/02/P1110351-207x300.jpg" alt="" width="300" height="434" srcset="http://www.atelierwerkstatt-albert-volz.de/wp/wp-content/uploads/2024/02/P1110351-207x300.jpg 207w, http://www.atelierwerkstatt-albert-volz.de/wp/wp-content/uploads/2024/02/P1110351.jpg 691w" sizes="auto, (max-width: 300px) 100vw, 300px" /></a> <a href="http://www.atelierwerkstatt-albert-volz.de/wp/wp-content/uploads/2024/02/P1110353.jpg"><img loading="lazy" decoding="async" class="alignnone wp-image-690" src="http://www.atelierwerkstatt-albert-volz.de/wp/wp-content/uploads/2024/02/P1110353-207x300.jpg" alt="" width="300" height="434" srcset="http://www.atelierwerkstatt-albert-volz.de/wp/wp-content/uploads/2024/02/P1110353-207x300.jpg 207w, http://www.atelierwerkstatt-albert-volz.de/wp/wp-content/uploads/2024/02/P1110353.jpg 691w" sizes="auto, (max-width: 300px) 100vw, 300px" /></a> <a href="http://www.atelierwerkstatt-albert-volz.de/wp/wp-content/uploads/2024/02/P1110355.jpg"><img loading="lazy" decoding="async" class="alignnone wp-image-691" src="http://www.atelierwerkstatt-albert-volz.de/wp/wp-content/uploads/2024/02/P1110355-207x300.jpg" alt="" width="300" height="434" srcset="http://www.atelierwerkstatt-albert-volz.de/wp/wp-content/uploads/2024/02/P1110355-207x300.jpg 207w, http://www.atelierwerkstatt-albert-volz.de/wp/wp-content/uploads/2024/02/P1110355.jpg 691w" sizes="auto, (max-width: 300px) 100vw, 300px" /></a></p>
<p>&nbsp;</p>
<p><strong>Vernissage von Gaby Bohnet in der Atelierwerkstatt Volz</strong></p>
<p><em>Altbulach, 28.6. 2024</em></p>
<p>Der Künstlergarten der Atelierwerkstatt Volz verwandelte sich am Freitagabend in einen magischen Ort.<br />
Mehr als 100 Besucher ließen es sich nicht nehmen, die Eröffnung der Sonderausstellung von Gaby Bohnet im wildromantischen Künstlergarten zu erleben.<br />
Die Atmosphäre war inspirierend und einladend und zog die Besucher von Anfang an in ihren Bann.</p>
<p>Die offizielle Eröffnung der Vernissage übernahm Barbara Haas, Tochter von Albert Volz.<br />
In ihrer Begrüßungsrede würdigte Haas die beeindruckende künstlerische Entwicklung von Gaby Bohnet, die seit vielen Jahren mit der Atelierwerkstatt eng verbunden ist.&nbsp;<br />
&#8222;Gaby Bohnet hat sich durch ihr Engagement, ihren liebevollen Blick auf die Welt und die Bereitschaft für ein kontinuierliches Lernen einen Platz in der Kunstwelt erarbeitet. Ihre Werke sprechen für sich und berühren die Betrachter auf eine besondere Weise.&#8220;</p>
<p>Gaby Bohnet, die seit 14 Jahren die Kunstakademie von Tamara Groß in Calw besucht, hat im Laufe der Jahre einen einzigartigen und persönlichen Malstil entwickelt.<br />
Ihre Arbeiten, die von detaillierten Landschaften bis hin zu ausdrucksstarken Porträts reichen, zeugen von großer technischer Fertigkeit und einer tiefen Leidenschaft für die Kunst.</p>
<p>Nachdem auch die Künstlerin in ihrer sympathisch-natürlichen Art die Gäste begrüßt und sich beim Ehepaar Volz, Frau Haas und allen Helfern für die engagierte Durchführung bedankt hatte, begann ein launiger Sommerabend, der sich unter der Überschrift „Ein Abend der Begegnungen und Genüsse“ zusammenfassen lässt.</p>
<p>Die Vernissage bot nicht nur visuelle, sondern auch kulinarische und musikalische Genüsse.<br />
Die Besucher hatten die Gelegenheit, bei einem erfrischenden Aperitif und köstlichem Fingerfood ins Gespräch zu kommen und sich mit der Künstlerin persönlich auszutauschen.</p>
<p>Diese Möglichkeit, mehr über die Inspirationsquellen und die Techniken von Gaby Bohnet zu erfahren, wurde von den Gästen gerne angenommen.<br />
Feinfühlig ergänzt wurde die Veranstaltung durch die Sängerin und Gitarristin Annalena Klink, die mit ihrem einfühlsamen Gesang und ihrer schönen Stimme zum Gelingen des Abends beitrug.</p>
<p>Die Ausstellung in der Atelierwerkstatt und die Gespräche im Künstlergarten waren ein voller Erfolg. Die Kombination aus beeindruckender Kunst, inspirierenden Gesprächen und einer traumhaften Umgebung machte diesen Abend zu einem besonderen Erlebnis.<br />
Die Ausstellung der Werke von Gaby Bohnet ist noch bis zum 4. August 2024 zu sehen und bietet allen Kunstliebhabern die Gelegenheit, die faszinierenden Arbeiten einer außergewöhnlichen Künstlerin zu entdecken. Für alle, die die heutige Vernissage verpasst haben, bleibt also noch genügend Zeit, die Kunst von Gaby Bohnet in der einzigartigen Atmosphäre der Atelierwerkstatt Volz zu genießen.</p>
ngg_shortcode_0_placeholder

<p>Sonderausstellung 2024 &#8211; &#8222;Malerei&#8220; Werke von Gaby Bohnet Ausstellungseröffnung am Freitag, den 28. Juni 2024 um 19:00 Uhr Seit ca. 14 Jahren besuche ich die Kunstakademie von Tamara Groß in Calw-Wimberg. Bei Ihr lernte ich verschiedene Techniken und fand so zu meinem Stil. Zum Malen wurde ich animiert von meinem Ehemann, der mir im Jahre1999 [&hellip;]</p>
