{"id":633,"date":"2022-07-26T21:01:36","date_gmt":"2022-07-26T19:01:36","guid":{"rendered":"http:\/\/www.atelierwerkstatt-albert-volz.de\/wp\/?page_id=633"},"modified":"2022-07-26T21:03:37","modified_gmt":"2022-07-26T19:03:37","slug":"2022-tino-baumann","status":"publish","type":"page","link":"http:\/\/www.atelierwerkstatt-albert-volz.de\/wp\/?page_id=633","title":{"rendered":"2022 &#8211; Tino Baumann"},"content":{"rendered":"\r\n<h1 class=\"wp-block-heading\">Sonderausstellung 2022 &#8211; &#8222;Vage&#8220;<br><strong>Werke von Tino Baumann<\/strong><\/h1>\r\n\r\n<p><a href=\"http:\/\/www.atelierwerkstatt-albert-volz.de\/wp\/wp-content\/uploads\/2021\/12\/2022-Vage-Web.jpg\"><img loading=\"lazy\" decoding=\"async\" class=\"wp-image-472 size-large aligncenter\" src=\"http:\/\/www.atelierwerkstatt-albert-volz.de\/wp\/wp-content\/uploads\/2021\/12\/2022-Vage-Web-724x1024.jpg\" alt=\"\" width=\"724\" height=\"1024\" srcset=\"http:\/\/www.atelierwerkstatt-albert-volz.de\/wp\/wp-content\/uploads\/2021\/12\/2022-Vage-Web-724x1024.jpg 724w, http:\/\/www.atelierwerkstatt-albert-volz.de\/wp\/wp-content\/uploads\/2021\/12\/2022-Vage-Web-212x300.jpg 212w, http:\/\/www.atelierwerkstatt-albert-volz.de\/wp\/wp-content\/uploads\/2021\/12\/2022-Vage-Web-768x1086.jpg 768w, http:\/\/www.atelierwerkstatt-albert-volz.de\/wp\/wp-content\/uploads\/2021\/12\/2022-Vage-Web.jpg 849w\" sizes=\"auto, (max-width: 724px) 100vw, 724px\" \/><\/a><\/p>\r\n\r\n<p>&nbsp;<\/p>\r\n<p>Vielleicht sind es genau Momente wie diese, die es in solchen schwierigen Zeiten braucht: Eine nachdenklich-heitere Ausstellungser\u00f6ffnung im bezaubernden, ja verzauberten K\u00fcnstlergarten der Atelierwerkstatt Volz, Auf der H\u00f6he 5 in Altbulach. <br>So erlebten es zumindest die Besucher, denen man die Freude an der Kunst genauso anmerken konnte wie den Genuss des einmaligen Ambientes.<br>Dass sich Freude an hochwertiger Kunst sehr gut mit einer famili\u00e4ren, freundschaftlichen und bodenst\u00e4ndigen Atmosph\u00e4re vertr\u00e4gt, wurde an diesem Samstagabend deutlich.<br>Der Familie Volz war es wieder einmal gelungen, mit Tino Baumann einen jungen K\u00fcnstler nach Neubulach einzuladen, der mit seinen Werken ein hohes k\u00fcnstlerisches Niveau mit fundiertem handwerklichem K\u00f6nnen verbindet.<br>Mit viel pers\u00f6nlichem Idealismus war die Ausstellung vorbereitet worden und jeder Gast wurde schon an der Pforte von Andreas Volz herzlich begr\u00fc\u00dft. <br>Nachdem jeder Besucher mit einem Glas Sekt oder Orangensaft versorgt war, wurde die Ausstellung durch Barbara Haas, der Tochter von Albert Volz mit einer kurzen Rede er\u00f6ffnet, die den K\u00fcnstler und seine pers\u00f6nliche Geschichte skizzierte. <br>Danach hatte Tino Baumann selbst das Wort, der etwas \u00fcber den Hintergrund seiner Bilder, die bewusst zwischen abstrakter und gegenst\u00e4ndlicher Malerei angesiedelt ist, sagte. Wichtig war dem K\u00fcnstler, die Interpretationshoheit dem Betrachter zu \u00fcberlassen, dem sich die Bilder individuell erschlie\u00dfen sollten. Er bedankte sich ausdr\u00fccklich f\u00fcr die Chance, in der Atelierwerkstatt ausstellen zu d\u00fcrfen, weil er seine Werke zwischen den Skulpturen und Werken von Albert Volz bestens platziert fand und er sich dem 1994 verstorbenen K\u00fcnstler auch innerlich verbunden f\u00fchlt, auch wenn er zu einer anderen Generation geh\u00f6rt. Schlie\u00dflich hatte sich auch Albert Volz zeitlebens mit der Wechselwirkung der stofflichen mit der nicht sichtbaren Welt besch\u00e4ftigt.<br>Das Versprechen, allen Besucher seiner Ausstellung f\u00fcr Fragen zur Verf\u00fcgung zu stehen, hielt Tino Baumann geduldig ein und beantwortete die vielen Fragen, vor allem auch zu seiner ungew\u00f6hnlichen Maltechnik gestellt wurden, auf sympathische und unpr\u00e4tenti\u00f6se Art und Weise.<br>Auch wenn Petrus sich bei den Temperaturen an diesem Tag etwas zur\u00fcck gehalten hatte, sa\u00dfen und standen die Besucher noch lange bei einem Plausch im K\u00fcnstlergarten zusammen und genossen die Zeit bei leckeren Snacks und Getr\u00e4nken, die bei Familie Volz einfach dazu geh\u00f6ren.<br>Der Wunsch, dass diese Sonderausstellung nicht die letzte sein m\u00f6ge, war immer wieder zu h\u00f6ren.<\/p>\r\n<p style=\"text-align: right;\"><br>(Thomy Wick)<\/p>\r\n<p>&nbsp;<\/p>\r\n<p>&nbsp;<\/p>\r\n<p>&nbsp;<\/p>\r\n<p><strong><a href=\"http:\/\/www.atelierwerkstatt-albert-volz.de\/wp\/wp-content\/uploads\/2022\/07\/Tino_Baumann.jpg\"><img loading=\"lazy\" decoding=\"async\" class=\"size-full wp-image-569 alignleft\" src=\"http:\/\/www.atelierwerkstatt-albert-volz.de\/wp\/wp-content\/uploads\/2022\/07\/Tino_Baumann.jpg\" alt=\"\" width=\"442\" height=\"480\" srcset=\"http:\/\/www.atelierwerkstatt-albert-volz.de\/wp\/wp-content\/uploads\/2022\/07\/Tino_Baumann.jpg 442w, http:\/\/www.atelierwerkstatt-albert-volz.de\/wp\/wp-content\/uploads\/2022\/07\/Tino_Baumann-276x300.jpg 276w\" sizes=\"auto, (max-width: 442px) 100vw, 442px\" \/><\/a>TINO BAUMANN<br><\/strong>geboren 04.08.1987 &#8211; aufgewachsen in Krumbach<br>seit 2008 als freischaffender K\u00fcnstler t\u00e4tig<br>2013 Diplom als Grafik-Designer an der Akademie U5 in M\u00fcnchen<br>Wohnort\/Atelier in Krumbach<\/p>\r\n<p><strong>AUSZ\u00dcGE AUSSTELLUNGEN:<br><\/strong>&#8211; Gro\u00dfe Schw\u00e4bische Kunstausstellung, Glaspalast Augsburg 2021\/22<br>&#8211; Einzelausstellung \u201eART\/GERECHT\u201c, Krumbach 2021<br>&#8211; Autoren Galerie 1 M\u00fcnchen \u201eBilder, Briefe, Noten CII\u201c, 2020<br>&#8211; \u201eARTIK Kunstpreis G\u00fcnzburg\u201c, Klinikum G\u00fcnzburg 2020<br>&#8211; Einzelausstellung \u201eWellen &#8211; Umbruch und Neuordnung&#8220;, Krumbach 2017<br>&#8211; \u201eNeue Welten &#8211; Auf der Flucht\u201c , Alternatives Ausstellungsformat der Galerie Noah im Glaspalast Augsburg 2016<br>&#8211; Ausstellung zum \u201eArtig Kunstpreis\u201c, Kunstreich Kempten 2016<br>&#8211; Ausstellung zum Sch\u00e4ffer Kunstpreis, Schwabm\u00fcnchen 2015<br>&#8211; Gemeinschaftsausstellung Kunstverein &#8222;Kunstbauraum&#8220;, Caponniere 4 Neu-Ulm 2015<\/p>\r\n<p>&nbsp;<\/p>\r\n<p>&nbsp;<\/p>\r\n<p><strong>KONTAKT<\/strong>:<br><a href=\"http:\/\/www.tino-baumann.de\" target=\"_blank\" rel=\"noopener\">www.tino-baumann.de<\/a><br>info@tino-baumann.de<br><a href=\"https:\/\/www.instagram.com\/tino_baumann_on\" target=\"_blank\" rel=\"noopener\">https:\/\/www.instagram.com\/tino_baumann_on<\/a><\/p>\r\n<p><\/p>\r\nngg_shortcode_0_placeholder\r\n<p><\/p>\r\nngg_shortcode_1_placeholder\r\n<p><\/p>","protected":false},"excerpt":{"rendered":"<p>Sonderausstellung 2022 &#8211; &#8222;Vage&#8220;Werke von Tino Baumann &nbsp; Vielleicht sind es genau Momente wie diese, die es in solchen schwierigen Zeiten braucht: Eine nachdenklich-heitere Ausstellungser\u00f6ffnung im bezaubernden, ja verzauberten K\u00fcnstlergarten der Atelierwerkstatt Volz, Auf der H\u00f6he 5 in Altbulach. So erlebten es zumindest die Besucher, denen man die Freude an der Kunst genauso anmerken konnte [&hellip;]<\/p>\n","protected":false},"author":1,"featured_media":0,"parent":0,"menu_order":0,"comment_status":"closed","ping_status":"closed","template":"","meta":{"ngg_post_thumbnail":0,"footnotes":""},"class_list":["post-633","page","type-page","status-publish","hentry"],"_links":{"self":[{"href":"http:\/\/www.atelierwerkstatt-albert-volz.de\/wp\/index.php?rest_route=\/wp\/v2\/pages\/633","targetHints":{"allow":["GET"]}}],"collection":[{"href":"http:\/\/www.atelierwerkstatt-albert-volz.de\/wp\/index.php?rest_route=\/wp\/v2\/pages"}],"about":[{"href":"http:\/\/www.atelierwerkstatt-albert-volz.de\/wp\/index.php?rest_route=\/wp\/v2\/types\/page"}],"author":[{"embeddable":true,"href":"http:\/\/www.atelierwerkstatt-albert-volz.de\/wp\/index.php?rest_route=\/wp\/v2\/users\/1"}],"replies":[{"embeddable":true,"href":"http:\/\/www.atelierwerkstatt-albert-volz.de\/wp\/index.php?rest_route=%2Fwp%2Fv2%2Fcomments&post=633"}],"version-history":[{"count":3,"href":"http:\/\/www.atelierwerkstatt-albert-volz.de\/wp\/index.php?rest_route=\/wp\/v2\/pages\/633\/revisions"}],"predecessor-version":[{"id":637,"href":"http:\/\/www.atelierwerkstatt-albert-volz.de\/wp\/index.php?rest_route=\/wp\/v2\/pages\/633\/revisions\/637"}],"wp:attachment":[{"href":"http:\/\/www.atelierwerkstatt-albert-volz.de\/wp\/index.php?rest_route=%2Fwp%2Fv2%2Fmedia&parent=633"}],"curies":[{"name":"wp","href":"https:\/\/api.w.org\/{rel}","templated":true}]}}

<h1 class="wp-block-heading">Sonderausstellung 2022 &#8211; &#8222;Vage&#8220;<br><strong>Werke von Tino Baumann</strong></h1>

<p><a href="http://www.atelierwerkstatt-albert-volz.de/wp/wp-content/uploads/2021/12/2022-Vage-Web.jpg"><img loading="lazy" decoding="async" class="wp-image-472 size-large aligncenter" src="http://www.atelierwerkstatt-albert-volz.de/wp/wp-content/uploads/2021/12/2022-Vage-Web-724x1024.jpg" alt="" width="724" height="1024" srcset="http://www.atelierwerkstatt-albert-volz.de/wp/wp-content/uploads/2021/12/2022-Vage-Web-724x1024.jpg 724w, http://www.atelierwerkstatt-albert-volz.de/wp/wp-content/uploads/2021/12/2022-Vage-Web-212x300.jpg 212w, http://www.atelierwerkstatt-albert-volz.de/wp/wp-content/uploads/2021/12/2022-Vage-Web-768x1086.jpg 768w, http://www.atelierwerkstatt-albert-volz.de/wp/wp-content/uploads/2021/12/2022-Vage-Web.jpg 849w" sizes="auto, (max-width: 724px) 100vw, 724px" /></a></p>

<p>&nbsp;</p>
<p>Vielleicht sind es genau Momente wie diese, die es in solchen schwierigen Zeiten braucht: Eine nachdenklich-heitere Ausstellungseröffnung im bezaubernden, ja verzauberten Künstlergarten der Atelierwerkstatt Volz, Auf der Höhe 5 in Altbulach. <br>So erlebten es zumindest die Besucher, denen man die Freude an der Kunst genauso anmerken konnte wie den Genuss des einmaligen Ambientes.<br>Dass sich Freude an hochwertiger Kunst sehr gut mit einer familiären, freundschaftlichen und bodenständigen Atmosphäre verträgt, wurde an diesem Samstagabend deutlich.<br>Der Familie Volz war es wieder einmal gelungen, mit Tino Baumann einen jungen Künstler nach Neubulach einzuladen, der mit seinen Werken ein hohes künstlerisches Niveau mit fundiertem handwerklichem Können verbindet.<br>Mit viel persönlichem Idealismus war die Ausstellung vorbereitet worden und jeder Gast wurde schon an der Pforte von Andreas Volz herzlich begrüßt. <br>Nachdem jeder Besucher mit einem Glas Sekt oder Orangensaft versorgt war, wurde die Ausstellung durch Barbara Haas, der Tochter von Albert Volz mit einer kurzen Rede eröffnet, die den Künstler und seine persönliche Geschichte skizzierte. <br>Danach hatte Tino Baumann selbst das Wort, der etwas über den Hintergrund seiner Bilder, die bewusst zwischen abstrakter und gegenständlicher Malerei angesiedelt ist, sagte. Wichtig war dem Künstler, die Interpretationshoheit dem Betrachter zu überlassen, dem sich die Bilder individuell erschließen sollten. Er bedankte sich ausdrücklich für die Chance, in der Atelierwerkstatt ausstellen zu dürfen, weil er seine Werke zwischen den Skulpturen und Werken von Albert Volz bestens platziert fand und er sich dem 1994 verstorbenen Künstler auch innerlich verbunden fühlt, auch wenn er zu einer anderen Generation gehört. Schließlich hatte sich auch Albert Volz zeitlebens mit der Wechselwirkung der stofflichen mit der nicht sichtbaren Welt beschäftigt.<br>Das Versprechen, allen Besucher seiner Ausstellung für Fragen zur Verfügung zu stehen, hielt Tino Baumann geduldig ein und beantwortete die vielen Fragen, vor allem auch zu seiner ungewöhnlichen Maltechnik gestellt wurden, auf sympathische und unprätentiöse Art und Weise.<br>Auch wenn Petrus sich bei den Temperaturen an diesem Tag etwas zurück gehalten hatte, saßen und standen die Besucher noch lange bei einem Plausch im Künstlergarten zusammen und genossen die Zeit bei leckeren Snacks und Getränken, die bei Familie Volz einfach dazu gehören.<br>Der Wunsch, dass diese Sonderausstellung nicht die letzte sein möge, war immer wieder zu hören.</p>
<p style="text-align: right;"><br>(Thomy Wick)</p>
<p>&nbsp;</p>
<p>&nbsp;</p>
<p>&nbsp;</p>
<p><strong><a href="http://www.atelierwerkstatt-albert-volz.de/wp/wp-content/uploads/2022/07/Tino_Baumann.jpg"><img loading="lazy" decoding="async" class="size-full wp-image-569 alignleft" src="http://www.atelierwerkstatt-albert-volz.de/wp/wp-content/uploads/2022/07/Tino_Baumann.jpg" alt="" width="442" height="480" srcset="http://www.atelierwerkstatt-albert-volz.de/wp/wp-content/uploads/2022/07/Tino_Baumann.jpg 442w, http://www.atelierwerkstatt-albert-volz.de/wp/wp-content/uploads/2022/07/Tino_Baumann-276x300.jpg 276w" sizes="auto, (max-width: 442px) 100vw, 442px" /></a>TINO BAUMANN<br></strong>geboren 04.08.1987 &#8211; aufgewachsen in Krumbach<br>seit 2008 als freischaffender Künstler tätig<br>2013 Diplom als Grafik-Designer an der Akademie U5 in München<br>Wohnort/Atelier in Krumbach</p>
<p><strong>AUSZÜGE AUSSTELLUNGEN:<br></strong>&#8211; Große Schwäbische Kunstausstellung, Glaspalast Augsburg 2021/22<br>&#8211; Einzelausstellung „ART/GERECHT“, Krumbach 2021<br>&#8211; Autoren Galerie 1 München „Bilder, Briefe, Noten CII“, 2020<br>&#8211; „ARTIK Kunstpreis Günzburg“, Klinikum Günzburg 2020<br>&#8211; Einzelausstellung „Wellen &#8211; Umbruch und Neuordnung&#8220;, Krumbach 2017<br>&#8211; „Neue Welten &#8211; Auf der Flucht“ , Alternatives Ausstellungsformat der Galerie Noah im Glaspalast Augsburg 2016<br>&#8211; Ausstellung zum „Artig Kunstpreis“, Kunstreich Kempten 2016<br>&#8211; Ausstellung zum Schäffer Kunstpreis, Schwabmünchen 2015<br>&#8211; Gemeinschaftsausstellung Kunstverein &#8222;Kunstbauraum&#8220;, Caponniere 4 Neu-Ulm 2015</p>
<p>&nbsp;</p>
<p>&nbsp;</p>
<p><strong>KONTAKT</strong>:<br><a href="http://www.tino-baumann.de" target="_blank" rel="noopener">www.tino-baumann.de</a><br>info@tino-baumann.de<br><a href="https://www.instagram.com/tino_baumann_on" target="_blank" rel="noopener">https://www.instagram.com/tino_baumann_on</a></p>
<p></p>
ngg_shortcode_0_placeholder
<p></p>
ngg_shortcode_1_placeholder
<p></p>

<p>Sonderausstellung 2022 &#8211; &#8222;Vage&#8220;Werke von Tino Baumann &nbsp; Vielleicht sind es genau Momente wie diese, die es in solchen schwierigen Zeiten braucht: Eine nachdenklich-heitere Ausstellungseröffnung im bezaubernden, ja verzauberten Künstlergarten der Atelierwerkstatt Volz, Auf der Höhe 5 in Altbulach. So erlebten es zumindest die Besucher, denen man die Freude an der Kunst genauso anmerken konnte [&hellip;]</p>
