{"id":5,"date":"2015-07-29T21:24:19","date_gmt":"2015-07-29T19:24:19","guid":{"rendered":"http:\/\/krust.ohnge.com\/volz\/?page_id=5"},"modified":"2026-04-03T17:23:08","modified_gmt":"2026-04-03T15:23:08","slug":"museum","status":"publish","type":"page","link":"http:\/\/www.atelierwerkstatt-albert-volz.de\/wp\/","title":{"rendered":"Museum"},"content":{"rendered":"<p>Im April weicht das Museum einmalig von seinem gewohnten Rhythmus ab. Normalerweise \u00f6ffnet das Museum traditionell am 1. Sonntag im Monat. Da der Aprilauftakt jedoch auf die Osterfeiertage f\u00e4llt, verschiebt sich der <strong>Saisonstart auf den 2. Sonntag, den 12. April<\/strong> (\u00d6ffnungszeiten von 13:30 Uhr bis 17:00 Uhr). Ab Mai gelten dann wieder die regul\u00e4ren \u00d6ffnungszeiten, jeden 1. Sonntag im Monat von 13:30 Uhr bis 17:00 Uhr oder nach telefonischer Anmeldung.<\/p>\n<p><img loading=\"lazy\" decoding=\"async\" class=\"alignleft wp-image-87 size-full\" src=\"http:\/\/www.atelierwerkstatt-albert-volz.de\/wp\/wp-content\/uploads\/2015\/07\/assd-Kopie-1-e1477865038723.jpg\" width=\"124\" height=\"180\"><img loading=\"lazy\" decoding=\"async\" class=\"wp-image-291 size-medium alignright\" src=\"http:\/\/www.atelierwerkstatt-albert-volz.de\/wp\/wp-content\/uploads\/2015\/07\/museum-1-300x253.jpg\" width=\"300\" height=\"253\" srcset=\"http:\/\/www.atelierwerkstatt-albert-volz.de\/wp\/wp-content\/uploads\/2015\/07\/museum-1-300x253.jpg 300w, http:\/\/www.atelierwerkstatt-albert-volz.de\/wp\/wp-content\/uploads\/2015\/07\/museum-1.jpg 640w\" sizes=\"auto, (max-width: 300px) 100vw, 300px\" \/>Auf der Schwarzwaldhochfl\u00e4che zwischen Nagold und Teinach liegt das kleine D\u00f6rfchen Altbulach.<\/p>\n<p>Am Ortsrand neben seinem elterlichen Haus hat sich hier der Bildhauer Albert Volz, Jahrgang 1920, nach dem 2.Weltkrieg schwer kriegsversehrt, eine kleine Werkstatt ausgebaut.<\/p>\n<p>Durch seine Erfahrungen im Krieg sah er sich immer wieder konfrontiert mit der Frage nach dem &#8222;Woher und Wohin&#8220; des Menschen, nach den Wechselwirkungen der stofflichen und der nichtsichtbaren Welt.<\/p>\n<p>Die Auseinandersetzung mit dieser Thematik ist heute noch sichtbar und f\u00fchlbar.<br \/>\nLassen Sie sich beim Betrachten seiner Skulpturen aus Stein, Holz und Ton in diese Welt entf\u00fchren.<\/p>\n<p><img loading=\"lazy\" decoding=\"async\" class=\"wp-image-290 size-medium alignright\" src=\"http:\/\/www.atelierwerkstatt-albert-volz.de\/wp\/wp-content\/uploads\/2015\/07\/museum-innen2-1-270x300.jpg\" width=\"270\" height=\"300\" srcset=\"http:\/\/www.atelierwerkstatt-albert-volz.de\/wp\/wp-content\/uploads\/2015\/07\/museum-innen2-1-270x300.jpg 270w, http:\/\/www.atelierwerkstatt-albert-volz.de\/wp\/wp-content\/uploads\/2015\/07\/museum-innen2-1.jpg 576w\" sizes=\"auto, (max-width: 270px) 100vw, 270px\" \/><\/p>\n<p><img loading=\"lazy\" decoding=\"async\" class=\"wp-image-289 size-medium alignleft\" src=\"http:\/\/www.atelierwerkstatt-albert-volz.de\/wp\/wp-content\/uploads\/2015\/07\/museum-innen1-1-300x225.jpg\" width=\"300\" height=\"225\" srcset=\"http:\/\/www.atelierwerkstatt-albert-volz.de\/wp\/wp-content\/uploads\/2015\/07\/museum-innen1-1-300x225.jpg 300w, http:\/\/www.atelierwerkstatt-albert-volz.de\/wp\/wp-content\/uploads\/2015\/07\/museum-innen1-1.jpg 640w\" sizes=\"auto, (max-width: 300px) 100vw, 300px\" \/><\/p>\n<p>&nbsp;<\/p>\n<p>&nbsp;<\/p>\n<p>&nbsp;<\/p>\n<p>&nbsp;<\/p>\n<p>&nbsp;<\/p>\n<p>&nbsp;<\/p>\n<p>&nbsp;<\/p>\n<p>&nbsp;<\/p>\n","protected":false},"excerpt":{"rendered":"<p>Im April weicht das Museum einmalig von seinem gewohnten Rhythmus ab. Normalerweise \u00f6ffnet das Museum traditionell am 1. Sonntag im Monat. Da der Aprilauftakt jedoch auf die Osterfeiertage f\u00e4llt, verschiebt sich der Saisonstart auf den 2. Sonntag, den 12. April (\u00d6ffnungszeiten von 13:30 Uhr bis 17:00 Uhr). Ab Mai gelten dann wieder die regul\u00e4ren \u00d6ffnungszeiten, [&hellip;]<\/p>\n","protected":false},"author":1,"featured_media":0,"parent":0,"menu_order":0,"comment_status":"closed","ping_status":"closed","template":"","meta":{"ngg_post_thumbnail":0,"footnotes":""},"class_list":["post-5","page","type-page","status-publish","hentry"],"_links":{"self":[{"href":"http:\/\/www.atelierwerkstatt-albert-volz.de\/wp\/index.php?rest_route=\/wp\/v2\/pages\/5","targetHints":{"allow":["GET"]}}],"collection":[{"href":"http:\/\/www.atelierwerkstatt-albert-volz.de\/wp\/index.php?rest_route=\/wp\/v2\/pages"}],"about":[{"href":"http:\/\/www.atelierwerkstatt-albert-volz.de\/wp\/index.php?rest_route=\/wp\/v2\/types\/page"}],"author":[{"embeddable":true,"href":"http:\/\/www.atelierwerkstatt-albert-volz.de\/wp\/index.php?rest_route=\/wp\/v2\/users\/1"}],"replies":[{"embeddable":true,"href":"http:\/\/www.atelierwerkstatt-albert-volz.de\/wp\/index.php?rest_route=%2Fwp%2Fv2%2Fcomments&post=5"}],"version-history":[{"count":6,"href":"http:\/\/www.atelierwerkstatt-albert-volz.de\/wp\/index.php?rest_route=\/wp\/v2\/pages\/5\/revisions"}],"predecessor-version":[{"id":899,"href":"http:\/\/www.atelierwerkstatt-albert-volz.de\/wp\/index.php?rest_route=\/wp\/v2\/pages\/5\/revisions\/899"}],"wp:attachment":[{"href":"http:\/\/www.atelierwerkstatt-albert-volz.de\/wp\/index.php?rest_route=%2Fwp%2Fv2%2Fmedia&parent=5"}],"curies":[{"name":"wp","href":"https:\/\/api.w.org\/{rel}","templated":true}]}}

<p>Im April weicht das Museum einmalig von seinem gewohnten Rhythmus ab. Normalerweise öffnet das Museum traditionell am 1. Sonntag im Monat. Da der Aprilauftakt jedoch auf die Osterfeiertage fällt, verschiebt sich der <strong>Saisonstart auf den 2. Sonntag, den 12. April</strong> (Öffnungszeiten von 13:30 Uhr bis 17:00 Uhr). Ab Mai gelten dann wieder die regulären Öffnungszeiten, jeden 1. Sonntag im Monat von 13:30 Uhr bis 17:00 Uhr oder nach telefonischer Anmeldung.</p>
<p><img loading="lazy" decoding="async" class="alignleft wp-image-87 size-full" src="http://www.atelierwerkstatt-albert-volz.de/wp/wp-content/uploads/2015/07/assd-Kopie-1-e1477865038723.jpg" width="124" height="180"><img loading="lazy" decoding="async" class="wp-image-291 size-medium alignright" src="http://www.atelierwerkstatt-albert-volz.de/wp/wp-content/uploads/2015/07/museum-1-300x253.jpg" width="300" height="253" srcset="http://www.atelierwerkstatt-albert-volz.de/wp/wp-content/uploads/2015/07/museum-1-300x253.jpg 300w, http://www.atelierwerkstatt-albert-volz.de/wp/wp-content/uploads/2015/07/museum-1.jpg 640w" sizes="auto, (max-width: 300px) 100vw, 300px" />Auf der Schwarzwaldhochfläche zwischen Nagold und Teinach liegt das kleine Dörfchen Altbulach.</p>
<p>Am Ortsrand neben seinem elterlichen Haus hat sich hier der Bildhauer Albert Volz, Jahrgang 1920, nach dem 2.Weltkrieg schwer kriegsversehrt, eine kleine Werkstatt ausgebaut.</p>
<p>Durch seine Erfahrungen im Krieg sah er sich immer wieder konfrontiert mit der Frage nach dem &#8222;Woher und Wohin&#8220; des Menschen, nach den Wechselwirkungen der stofflichen und der nichtsichtbaren Welt.</p>
<p>Die Auseinandersetzung mit dieser Thematik ist heute noch sichtbar und fühlbar.<br />
Lassen Sie sich beim Betrachten seiner Skulpturen aus Stein, Holz und Ton in diese Welt entführen.</p>
<p><img loading="lazy" decoding="async" class="wp-image-290 size-medium alignright" src="http://www.atelierwerkstatt-albert-volz.de/wp/wp-content/uploads/2015/07/museum-innen2-1-270x300.jpg" width="270" height="300" srcset="http://www.atelierwerkstatt-albert-volz.de/wp/wp-content/uploads/2015/07/museum-innen2-1-270x300.jpg 270w, http://www.atelierwerkstatt-albert-volz.de/wp/wp-content/uploads/2015/07/museum-innen2-1.jpg 576w" sizes="auto, (max-width: 270px) 100vw, 270px" /></p>
<p><img loading="lazy" decoding="async" class="wp-image-289 size-medium alignleft" src="http://www.atelierwerkstatt-albert-volz.de/wp/wp-content/uploads/2015/07/museum-innen1-1-300x225.jpg" width="300" height="225" srcset="http://www.atelierwerkstatt-albert-volz.de/wp/wp-content/uploads/2015/07/museum-innen1-1-300x225.jpg 300w, http://www.atelierwerkstatt-albert-volz.de/wp/wp-content/uploads/2015/07/museum-innen1-1.jpg 640w" sizes="auto, (max-width: 300px) 100vw, 300px" /></p>
<p>&nbsp;</p>
<p>&nbsp;</p>
<p>&nbsp;</p>
<p>&nbsp;</p>
<p>&nbsp;</p>
<p>&nbsp;</p>
<p>&nbsp;</p>
<p>&nbsp;</p>

<p>Im April weicht das Museum einmalig von seinem gewohnten Rhythmus ab. Normalerweise öffnet das Museum traditionell am 1. Sonntag im Monat. Da der Aprilauftakt jedoch auf die Osterfeiertage fällt, verschiebt sich der Saisonstart auf den 2. Sonntag, den 12. April (Öffnungszeiten von 13:30 Uhr bis 17:00 Uhr). Ab Mai gelten dann wieder die regulären Öffnungszeiten, [&hellip;]</p>
