{"id":310,"date":"2016-12-31T16:27:17","date_gmt":"2016-12-31T15:27:17","guid":{"rendered":"http:\/\/www.atelierwerkstatt-albert-volz.de\/wp\/?page_id=310"},"modified":"2020-06-30T15:29:28","modified_gmt":"2020-06-30T13:29:28","slug":"impressum","status":"publish","type":"page","link":"http:\/\/www.atelierwerkstatt-albert-volz.de\/wp\/?page_id=310","title":{"rendered":"Impressum"},"content":{"rendered":"<h2>Angaben gem\u00e4\u00df \u00a7 5 TMG:<\/h2>\n<p>Andreas Volz<br \/>\nAtelierwerkstatt Albert Volz<br \/>\nAuf der H\u00f6he 5<br \/>\n75387 Neubulach &#8211; Altbulach<\/p>\n<h2>Kontakt:<\/h2>\n<table>\n<tbody>\n<tr>\n<td>Telefon:<\/td>\n<td>+49 (0) 7053 3279<\/td>\n<\/tr>\n<tr>\n<td>E-Mail:<\/td>\n<td>VolzAndl@t-online.de<\/td>\n<\/tr>\n<tr>\n<td><\/td>\n<td><\/td>\n<\/tr>\n<\/tbody>\n<\/table>\n<h1>Haftungsausschluss (Disclaimer)<\/h1>\n<h2>Haftung f\u00fcr Inhalte<\/h2>\n<p>Als Diensteanbieter sind wir gem\u00e4\u00df \u00a7 7 Abs.1 TMG f\u00fcr eigene Inhalte auf diesen Seiten nach den allgemeinen Gesetzen verantwortlich. Nach \u00a7\u00a7 8 bis 10 TMG sind wir als Diensteanbieter jedoch nicht verpflichtet, \u00fcbermittelte oder gespeicherte fremde Informationen zu \u00fcberwachen oder nach Umst\u00e4nden zu forschen, die auf eine rechtswidrige T\u00e4tigkeit hinweisen.<\/p>\n<p>Verpflichtungen zur Entfernung oder Sperrung der Nutzung von Informationen nach den allgemeinen Gesetzen bleiben hiervon unber\u00fchrt. Eine diesbez\u00fcgliche Haftung ist jedoch erst ab dem Zeitpunkt der Kenntnis einer konkreten Rechtsverletzung m\u00f6glich. Bei Bekanntwerden von entsprechenden Rechtsverletzungen werden wir diese Inhalte umgehend entfernen.<\/p>\n<h2>Haftung f\u00fcr Links<\/h2>\n<p>Unser Angebot enth\u00e4lt Links zu externen Webseiten Dritter, auf deren Inhalte wir keinen Einfluss haben. Deshalb k\u00f6nnen wir f\u00fcr diese fremden Inhalte auch keine Gew\u00e4hr \u00fcbernehmen. F\u00fcr die Inhalte der verlinkten Seiten ist stets der jeweilige Anbieter oder Betreiber der Seiten verantwortlich. Die verlinkten Seiten wurden zum Zeitpunkt der Verlinkung auf m\u00f6gliche Rechtsverst\u00f6\u00dfe \u00fcberpr\u00fcft. Rechtswidrige Inhalte waren zum Zeitpunkt der Verlinkung nicht erkennbar.<\/p>\n<p>Eine permanente inhaltliche Kontrolle der verlinkten Seiten ist jedoch ohne konkrete Anhaltspunkte einer Rechtsverletzung nicht zumutbar. Bei Bekanntwerden von Rechtsverletzungen werden wir derartige Links umgehend entfernen.<\/p>\n<h2>Urheberrecht<\/h2>\n<p>Die durch die Seitenbetreiber erstellten Inhalte und Werke auf diesen Seiten unterliegen dem deutschen Urheberrecht. Die Vervielf\u00e4ltigung, Bearbeitung, Verbreitung und jede Art der Verwertung au\u00dferhalb der Grenzen des Urheberrechtes bed\u00fcrfen der schriftlichen Zustimmung des jeweiligen Autors bzw. Erstellers. Downloads und Kopien dieser Seite sind nur f\u00fcr den privaten, nicht kommerziellen Gebrauch gestattet.<\/p>\n<p>Soweit die Inhalte auf dieser Seite nicht vom Betreiber erstellt wurden, werden die Urheberrechte Dritter beachtet. Insbesondere werden Inhalte Dritter als solche gekennzeichnet. Sollten Sie trotzdem auf eine Urheberrechtsverletzung aufmerksam werden, bitten wir um einen entsprechenden Hinweis. Bei Bekanntwerden von Rechtsverletzungen werden wir derartige Inhalte umgehend entfernen.<\/p>\n<h6>Quelle: <em><a href=\"https:\/\/www.e-recht24.de\/artikel\/datenschutz\/209.html\">https:\/\/www.e-recht24.de<\/a><\/em><\/h6>\n<h2><strong>Datenschutzhinweise<\/strong><\/h2>\n<p>Im Folgenden informieren wir Sie \u00fcber die Verarbeitung Ihrer personenbezogenen Daten. Dies gilt f\u00fcr die Verarbeitung Ihrer personenbezogenen Daten bei der Nutzung unserer Internetseite sowie den unten aufgef\u00fchrten besonderen Verarbeitungssituationen.<\/p>\n<ol>\n<li><strong> Kontaktdaten des Verantwortlichen Stelle<\/strong><\/li>\n<\/ol>\n<p>Bei Fragen zu dieser Datenschutzerkl\u00e4rung, wenden Sie sich bitte an:<\/p>\n<p>E-Mail: <a href=\"mailto:VolzAndl@t-online.de\">VolzAndl@t-online.de<\/a> , oder der im Impressum angegebenen Kontaktdaten.<\/p>\n<ol start=\"2\">\n<li><strong> Zwecke sowie Rechtsgrundlage f\u00fcr die Verarbeitung<\/strong><\/li>\n<\/ol>\n<p>Sie k\u00f6nnen unsere Internetseite besuchen, ohne Angaben zu Ihrer Person zu machen. Der Webserver speichert automatisch einen Server-Logfile bei jedem Aufruf einer Webseite. Die Server -Logfile dokumentiert beispielsweise:<\/p>\n<ul>\n<li>Kunden-Domain<\/li>\n<li>IP-Adresse,<\/li>\n<li>Timestamp &#8211; Datum und Uhrzeit des Aufrufs unserer Websites,<\/li>\n<li>Request-Zeile &#8211; Anforderungsinhalt der Website,<\/li>\n<li>Status Code,<\/li>\n<li>Gr\u00f6\u00dfe Response Bodies &#8211; Datenmengen\u00fcbertragung,<\/li>\n<li>Referer &#8211; Website, von der die Anforderung kommt,<\/li>\n<li>User Agent &#8211; Art und Version Ihres Browser und dem Betriebssystems.<\/li>\n<\/ul>\n<p>Diese Zugriffsdaten werden verarbeitet zur Sicherstellung eines st\u00f6rungsfreien Betriebs der Seite. Dies dient gem\u00e4\u00df Art. 6 Abs. 1 S. 1 lit. f DSGVO zur Wahrung unserer berechtigten Interessen an einer korrekten Darstellung und Optimierung unserer Internetseite. Alle Zugriffsdaten werden sp\u00e4testens sieben Tage nach Ende Ihres Seitenbesuchs gel\u00f6scht.<\/p>\n<p><strong>Protokollierung<\/strong><\/p>\n<p>Sofern Ihr Browser Informationen bereitstellt und \u00fcbermittelt, werden diese automatisch in Server-Protokolldateien gespeichert. Diese Daten k\u00f6nnen keine Personen zugeordnet werden und eine Zusammenf\u00fchrung dieser Daten mit anderen Datenquellen wird nicht vorgenommen.<\/p>\n<p><strong>Hosting-Dienstleistungen<\/strong><\/p>\n<p>Das Hosting und die Darstellung der Internetseite erfolgt in unserem Auftrag durch einen Drittanbieter. Alle personenbezogenen Daten, die bei der Nutzung dieser Internetseite oder die wie im Folgenden beschrieben, erhoben und verarbeitet werden, werden auf den Server des Hosting-Dienstleister verarbeitet.<\/p>\n<p>Alle Daten, die im Rahmen der Nutzung dieser Internetseite wie beschrieben, erhoben werden, werden auf seinen Servern verarbeitet. Der Dienstleister sitzt in Deutschland.<\/p>\n<p><strong>Kontakt<\/strong><\/p>\n<p>Wenn Sie per E-Mail-Kontakt mit uns aufnehmen, werden lediglich Ihr Name und Ihre E-Mail-Adresse ben\u00f6tigt, alle weiteren Angaben beruhen auf freiwilliger Basis. Ihre angegebenen Daten werden ausschlie\u00dflich auf Grundlage Ihrer Einwilligung (Art. 6 Abs. 1 lit. a DSGVO) zur Bearbeitung der Anfrage bei uns verarbeitet. Als unverbindliche Anfragen per E-Mail werden Ihre Daten nicht aufbewahrt.<\/p>\n<ol start=\"3\">\n<li><strong> Kategorien personenbezogener Daten, die verarbeitet werden<\/strong><\/li>\n<\/ol>\n<p>Zur Erf\u00fcllung der unter Punkt zwei aufgef\u00fchrten Zweckbestimmung werden von Interessenten Kontaktdaten erhoben, verarbeitet und genutzt:<\/p>\n<ol start=\"4\">\n<li><strong> Empf\u00e4nger <\/strong><\/li>\n<\/ol>\n<p>Ihre personenbezogenen Daten gebe ich ohne Ihre Einwilligung nicht weiter.<\/p>\n<p><strong>\u00dcbermittlung an Dritte<\/strong><\/p>\n<p>Eine \u00dcbermittlung Ihrer personenbezogenen Daten au\u00dferhalb der Zweckerhebung an Dritte wird von uns nicht vorgenommen. An staatliche Einrichtungen und Beh\u00f6rden erfolgt eine Weitergabe nur im Rahmen zwingender nationaler Rechtsvorschriften oder wenn die Weitergabe im Fall zur Rechts- oder Strafverfolgung erforderlich ist.<\/p>\n<p><strong>Cookies<\/strong><\/p>\n<p>Die Internetseiten verwenden teilweise so genannte Cookies. Cookies richten auf Ihrem Rechner keinen Schaden an und enthalten keine Viren. Cookies dienen dazu, mein Angebot nutzerfreundlicher, effektiver und sicherer zu machen. Cookies sind kleine Textdateien, die auf Ihrem Rechner abgelegt werden und die Ihr Browser speichert.<\/p>\n<p>Sie k\u00f6nnen Ihren Browser so einstellen, dass Sie \u00fcber das Setzen von Cookies informiert werden und Cookies nur im Einzelfall erlauben, die Annahme von Cookies f\u00fcr bestimmte F\u00e4lle oder generell ausschlie\u00dfen sowie das automatische L\u00f6schen der Cookies beim Schlie\u00dfen des Browser aktivieren. Bei der Deaktivierung von Cookies kann die Funktionalit\u00e4t dieser Website eingeschr\u00e4nkt sein.<\/p>\n<p>PHPSESSID<\/p>\n<p>Die unserer Website zugrundeliegende Programmiersprache PHP setzt den &#8222;PHPSESSID&#8220;-Cookie. Dabei handelt es sich um einen sog. Sessioncookie welchen wir einsetzen, um den Benutzer w\u00e4hrend des Aufrufs verschiedener Unterseiten der Website innerhalb einer Sitzung wiedererkennen zu k\u00f6nnen. Aus diesem Zweck ergibt sich auch unser berechtigtes Interesse an der entsprechenden Datenverarbeitung, diese beruht auf Art. 6 Abs. 1 lit f.) DSGVO. Der Cookie wird am Ende des Seitenbesuchs wieder gel\u00f6scht.<\/p>\n<p><strong>Links<\/strong><\/p>\n<p>Diese Internetseite enth\u00e4lt ggf. Links zu weiteren Internetseiten. Diese Seiten werden von den jeweiligen Anbietern betrieben und weitere Informationen und Widerspruchsm\u00f6glichkeiten finden sie in den jeweiligen Datenschutzinformationen der Anbieter.<\/p>\n<ol start=\"5\">\n<li><strong> Speicherdauer<\/strong><\/li>\n<\/ol>\n<p>Die Dauer der Speicherung von personenbezogenen Daten bemisst sich anhand der jeweiligen gesetzlichen Aufbewahrungsfrist (z.B. handels- und steuerrechtliche Aufbewahrungsfristen). Nach Ablauf der Frist werden die entsprechenden Daten routinem\u00e4\u00dfig gel\u00f6scht, sofern sie nicht mehr zur Vertragserf\u00fcllung oder Vertragsanbahnung erforderlich sind und\/ oder unsererseits kein berechtigtes Interesse an der Weiterspeicherung fortbesteht.<\/p>\n<ol start=\"6\">\n<li><strong> Rechte der betroffenen Person<\/strong><\/li>\n<\/ol>\n<p>Das geltende Datenschutzrecht gew\u00e4hrt Ihnen gegen\u00fcber dem Verantwortlichen hinsichtlich der Verarbeitung Ihrer personenbezogenen Daten umfassende Betroffenenrechte:<\/p>\n<ul>\n<li>Auskunftsrecht (Art. 15 DSGVO)<\/li>\n<li>Recht auf Berichtigung (Art. 16 DSGVO)<\/li>\n<li>Widerspruchsrecht (Art. 21 DSGVO)<\/li>\n<li>Recht auf L\u00f6schung (Art. 17 DSGVO)<\/li>\n<li>Recht auf Einschr\u00e4nkung der Verarbeitung (Art. 18f. DSGVO)<\/li>\n<li>Recht auf Daten\u00fcbertragbarkeit (Art. 20 DSGVO)<\/li>\n<\/ul>\n<p>Sie k\u00f6nnen eine uns erteilte Erlaubnis, Ihre pers\u00f6nlichen Daten zu nutzen, jederzeit widerrufen. Auskunfts-, L\u00f6schungs- und Berichtigungsw\u00fcnsche zu Ihren Daten und gerne auch Anregungen k\u00f6nnen Sie jederzeit an der im Impressum aufgef\u00fchrten Adresse senden.<\/p>\n<p>Selbstverst\u00e4ndlich k\u00f6nnen Sie sich als Betroffener auch an die Landesstellen f\u00fcr Datenschutzaufsicht wenden:<\/p>\n<p><strong>Der Landesbeauftragte f\u00fcr den Datenschutz<\/strong><br \/>\nK\u00f6nigstra\u00dfe 10A<br \/>\n70173 Stuttgart<br \/>\nTel.: +49 711 615 54 10<br \/>\nE-Mail: poststelle@lfdi.bwl.de<\/p>\n","protected":false},"excerpt":{"rendered":"<p>Angaben gem\u00e4\u00df \u00a7 5 TMG: Andreas Volz Atelierwerkstatt Albert Volz Auf der H\u00f6he 5 75387 Neubulach &#8211; Altbulach Kontakt: Telefon: +49 (0) 7053 3279 E-Mail: VolzAndl@t-online.de Haftungsausschluss (Disclaimer) Haftung f\u00fcr Inhalte Als Diensteanbieter sind wir gem\u00e4\u00df \u00a7 7 Abs.1 TMG f\u00fcr eigene Inhalte auf diesen Seiten nach den allgemeinen Gesetzen verantwortlich. Nach \u00a7\u00a7 8 bis [&hellip;]<\/p>\n","protected":false},"author":1,"featured_media":0,"parent":0,"menu_order":0,"comment_status":"closed","ping_status":"closed","template":"","meta":{"ngg_post_thumbnail":0,"footnotes":""},"class_list":["post-310","page","type-page","status-publish","hentry"],"_links":{"self":[{"href":"http:\/\/www.atelierwerkstatt-albert-volz.de\/wp\/index.php?rest_route=\/wp\/v2\/pages\/310","targetHints":{"allow":["GET"]}}],"collection":[{"href":"http:\/\/www.atelierwerkstatt-albert-volz.de\/wp\/index.php?rest_route=\/wp\/v2\/pages"}],"about":[{"href":"http:\/\/www.atelierwerkstatt-albert-volz.de\/wp\/index.php?rest_route=\/wp\/v2\/types\/page"}],"author":[{"embeddable":true,"href":"http:\/\/www.atelierwerkstatt-albert-volz.de\/wp\/index.php?rest_route=\/wp\/v2\/users\/1"}],"replies":[{"embeddable":true,"href":"http:\/\/www.atelierwerkstatt-albert-volz.de\/wp\/index.php?rest_route=%2Fwp%2Fv2%2Fcomments&post=310"}],"version-history":[{"count":4,"href":"http:\/\/www.atelierwerkstatt-albert-volz.de\/wp\/index.php?rest_route=\/wp\/v2\/pages\/310\/revisions"}],"predecessor-version":[{"id":435,"href":"http:\/\/www.atelierwerkstatt-albert-volz.de\/wp\/index.php?rest_route=\/wp\/v2\/pages\/310\/revisions\/435"}],"wp:attachment":[{"href":"http:\/\/www.atelierwerkstatt-albert-volz.de\/wp\/index.php?rest_route=%2Fwp%2Fv2%2Fmedia&parent=310"}],"curies":[{"name":"wp","href":"https:\/\/api.w.org\/{rel}","templated":true}]}}

<h2>Angaben gemäß § 5 TMG:</h2>
<p>Andreas Volz<br />
Atelierwerkstatt Albert Volz<br />
Auf der Höhe 5<br />
75387 Neubulach &#8211; Altbulach</p>
<h2>Kontakt:</h2>
<table>
<tbody>
<tr>
<td>Telefon:</td>
<td>+49 (0) 7053 3279</td>
</tr>
<tr>
<td>E-Mail:</td>
<td>VolzAndl@t-online.de</td>
</tr>
<tr>
<td></td>
<td></td>
</tr>
</tbody>
</table>
<h1>Haftungsausschluss (Disclaimer)</h1>
<h2>Haftung für Inhalte</h2>
<p>Als Diensteanbieter sind wir gemäß § 7 Abs.1 TMG für eigene Inhalte auf diesen Seiten nach den allgemeinen Gesetzen verantwortlich. Nach §§ 8 bis 10 TMG sind wir als Diensteanbieter jedoch nicht verpflichtet, übermittelte oder gespeicherte fremde Informationen zu überwachen oder nach Umständen zu forschen, die auf eine rechtswidrige Tätigkeit hinweisen.</p>
<p>Verpflichtungen zur Entfernung oder Sperrung der Nutzung von Informationen nach den allgemeinen Gesetzen bleiben hiervon unberührt. Eine diesbezügliche Haftung ist jedoch erst ab dem Zeitpunkt der Kenntnis einer konkreten Rechtsverletzung möglich. Bei Bekanntwerden von entsprechenden Rechtsverletzungen werden wir diese Inhalte umgehend entfernen.</p>
<h2>Haftung für Links</h2>
<p>Unser Angebot enthält Links zu externen Webseiten Dritter, auf deren Inhalte wir keinen Einfluss haben. Deshalb können wir für diese fremden Inhalte auch keine Gewähr übernehmen. Für die Inhalte der verlinkten Seiten ist stets der jeweilige Anbieter oder Betreiber der Seiten verantwortlich. Die verlinkten Seiten wurden zum Zeitpunkt der Verlinkung auf mögliche Rechtsverstöße überprüft. Rechtswidrige Inhalte waren zum Zeitpunkt der Verlinkung nicht erkennbar.</p>
<p>Eine permanente inhaltliche Kontrolle der verlinkten Seiten ist jedoch ohne konkrete Anhaltspunkte einer Rechtsverletzung nicht zumutbar. Bei Bekanntwerden von Rechtsverletzungen werden wir derartige Links umgehend entfernen.</p>
<h2>Urheberrecht</h2>
<p>Die durch die Seitenbetreiber erstellten Inhalte und Werke auf diesen Seiten unterliegen dem deutschen Urheberrecht. Die Vervielfältigung, Bearbeitung, Verbreitung und jede Art der Verwertung außerhalb der Grenzen des Urheberrechtes bedürfen der schriftlichen Zustimmung des jeweiligen Autors bzw. Erstellers. Downloads und Kopien dieser Seite sind nur für den privaten, nicht kommerziellen Gebrauch gestattet.</p>
<p>Soweit die Inhalte auf dieser Seite nicht vom Betreiber erstellt wurden, werden die Urheberrechte Dritter beachtet. Insbesondere werden Inhalte Dritter als solche gekennzeichnet. Sollten Sie trotzdem auf eine Urheberrechtsverletzung aufmerksam werden, bitten wir um einen entsprechenden Hinweis. Bei Bekanntwerden von Rechtsverletzungen werden wir derartige Inhalte umgehend entfernen.</p>
<h6>Quelle: <em><a href="https://www.e-recht24.de/artikel/datenschutz/209.html">https://www.e-recht24.de</a></em></h6>
<h2><strong>Datenschutzhinweise</strong></h2>
<p>Im Folgenden informieren wir Sie über die Verarbeitung Ihrer personenbezogenen Daten. Dies gilt für die Verarbeitung Ihrer personenbezogenen Daten bei der Nutzung unserer Internetseite sowie den unten aufgeführten besonderen Verarbeitungssituationen.</p>
<ol>
<li><strong> Kontaktdaten des Verantwortlichen Stelle</strong></li>
</ol>
<p>Bei Fragen zu dieser Datenschutzerklärung, wenden Sie sich bitte an:</p>
<p>E-Mail: <a href="mailto:VolzAndl@t-online.de">VolzAndl@t-online.de</a> , oder der im Impressum angegebenen Kontaktdaten.</p>
<ol start="2">
<li><strong> Zwecke sowie Rechtsgrundlage für die Verarbeitung</strong></li>
</ol>
<p>Sie können unsere Internetseite besuchen, ohne Angaben zu Ihrer Person zu machen. Der Webserver speichert automatisch einen Server-Logfile bei jedem Aufruf einer Webseite. Die Server -Logfile dokumentiert beispielsweise:</p>
<ul>
<li>Kunden-Domain</li>
<li>IP-Adresse,</li>
<li>Timestamp &#8211; Datum und Uhrzeit des Aufrufs unserer Websites,</li>
<li>Request-Zeile &#8211; Anforderungsinhalt der Website,</li>
<li>Status Code,</li>
<li>Größe Response Bodies &#8211; Datenmengenübertragung,</li>
<li>Referer &#8211; Website, von der die Anforderung kommt,</li>
<li>User Agent &#8211; Art und Version Ihres Browser und dem Betriebssystems.</li>
</ul>
<p>Diese Zugriffsdaten werden verarbeitet zur Sicherstellung eines störungsfreien Betriebs der Seite. Dies dient gemäß Art. 6 Abs. 1 S. 1 lit. f DSGVO zur Wahrung unserer berechtigten Interessen an einer korrekten Darstellung und Optimierung unserer Internetseite. Alle Zugriffsdaten werden spätestens sieben Tage nach Ende Ihres Seitenbesuchs gelöscht.</p>
<p><strong>Protokollierung</strong></p>
<p>Sofern Ihr Browser Informationen bereitstellt und übermittelt, werden diese automatisch in Server-Protokolldateien gespeichert. Diese Daten können keine Personen zugeordnet werden und eine Zusammenführung dieser Daten mit anderen Datenquellen wird nicht vorgenommen.</p>
<p><strong>Hosting-Dienstleistungen</strong></p>
<p>Das Hosting und die Darstellung der Internetseite erfolgt in unserem Auftrag durch einen Drittanbieter. Alle personenbezogenen Daten, die bei der Nutzung dieser Internetseite oder die wie im Folgenden beschrieben, erhoben und verarbeitet werden, werden auf den Server des Hosting-Dienstleister verarbeitet.</p>
<p>Alle Daten, die im Rahmen der Nutzung dieser Internetseite wie beschrieben, erhoben werden, werden auf seinen Servern verarbeitet. Der Dienstleister sitzt in Deutschland.</p>
<p><strong>Kontakt</strong></p>
<p>Wenn Sie per E-Mail-Kontakt mit uns aufnehmen, werden lediglich Ihr Name und Ihre E-Mail-Adresse benötigt, alle weiteren Angaben beruhen auf freiwilliger Basis. Ihre angegebenen Daten werden ausschließlich auf Grundlage Ihrer Einwilligung (Art. 6 Abs. 1 lit. a DSGVO) zur Bearbeitung der Anfrage bei uns verarbeitet. Als unverbindliche Anfragen per E-Mail werden Ihre Daten nicht aufbewahrt.</p>
<ol start="3">
<li><strong> Kategorien personenbezogener Daten, die verarbeitet werden</strong></li>
</ol>
<p>Zur Erfüllung der unter Punkt zwei aufgeführten Zweckbestimmung werden von Interessenten Kontaktdaten erhoben, verarbeitet und genutzt:</p>
<ol start="4">
<li><strong> Empfänger </strong></li>
</ol>
<p>Ihre personenbezogenen Daten gebe ich ohne Ihre Einwilligung nicht weiter.</p>
<p><strong>Übermittlung an Dritte</strong></p>
<p>Eine Übermittlung Ihrer personenbezogenen Daten außerhalb der Zweckerhebung an Dritte wird von uns nicht vorgenommen. An staatliche Einrichtungen und Behörden erfolgt eine Weitergabe nur im Rahmen zwingender nationaler Rechtsvorschriften oder wenn die Weitergabe im Fall zur Rechts- oder Strafverfolgung erforderlich ist.</p>
<p><strong>Cookies</strong></p>
<p>Die Internetseiten verwenden teilweise so genannte Cookies. Cookies richten auf Ihrem Rechner keinen Schaden an und enthalten keine Viren. Cookies dienen dazu, mein Angebot nutzerfreundlicher, effektiver und sicherer zu machen. Cookies sind kleine Textdateien, die auf Ihrem Rechner abgelegt werden und die Ihr Browser speichert.</p>
<p>Sie können Ihren Browser so einstellen, dass Sie über das Setzen von Cookies informiert werden und Cookies nur im Einzelfall erlauben, die Annahme von Cookies für bestimmte Fälle oder generell ausschließen sowie das automatische Löschen der Cookies beim Schließen des Browser aktivieren. Bei der Deaktivierung von Cookies kann die Funktionalität dieser Website eingeschränkt sein.</p>
<p>PHPSESSID</p>
<p>Die unserer Website zugrundeliegende Programmiersprache PHP setzt den &#8222;PHPSESSID&#8220;-Cookie. Dabei handelt es sich um einen sog. Sessioncookie welchen wir einsetzen, um den Benutzer während des Aufrufs verschiedener Unterseiten der Website innerhalb einer Sitzung wiedererkennen zu können. Aus diesem Zweck ergibt sich auch unser berechtigtes Interesse an der entsprechenden Datenverarbeitung, diese beruht auf Art. 6 Abs. 1 lit f.) DSGVO. Der Cookie wird am Ende des Seitenbesuchs wieder gelöscht.</p>
<p><strong>Links</strong></p>
<p>Diese Internetseite enthält ggf. Links zu weiteren Internetseiten. Diese Seiten werden von den jeweiligen Anbietern betrieben und weitere Informationen und Widerspruchsmöglichkeiten finden sie in den jeweiligen Datenschutzinformationen der Anbieter.</p>
<ol start="5">
<li><strong> Speicherdauer</strong></li>
</ol>
<p>Die Dauer der Speicherung von personenbezogenen Daten bemisst sich anhand der jeweiligen gesetzlichen Aufbewahrungsfrist (z.B. handels- und steuerrechtliche Aufbewahrungsfristen). Nach Ablauf der Frist werden die entsprechenden Daten routinemäßig gelöscht, sofern sie nicht mehr zur Vertragserfüllung oder Vertragsanbahnung erforderlich sind und/ oder unsererseits kein berechtigtes Interesse an der Weiterspeicherung fortbesteht.</p>
<ol start="6">
<li><strong> Rechte der betroffenen Person</strong></li>
</ol>
<p>Das geltende Datenschutzrecht gewährt Ihnen gegenüber dem Verantwortlichen hinsichtlich der Verarbeitung Ihrer personenbezogenen Daten umfassende Betroffenenrechte:</p>
<ul>
<li>Auskunftsrecht (Art. 15 DSGVO)</li>
<li>Recht auf Berichtigung (Art. 16 DSGVO)</li>
<li>Widerspruchsrecht (Art. 21 DSGVO)</li>
<li>Recht auf Löschung (Art. 17 DSGVO)</li>
<li>Recht auf Einschränkung der Verarbeitung (Art. 18f. DSGVO)</li>
<li>Recht auf Datenübertragbarkeit (Art. 20 DSGVO)</li>
</ul>
<p>Sie können eine uns erteilte Erlaubnis, Ihre persönlichen Daten zu nutzen, jederzeit widerrufen. Auskunfts-, Löschungs- und Berichtigungswünsche zu Ihren Daten und gerne auch Anregungen können Sie jederzeit an der im Impressum aufgeführten Adresse senden.</p>
<p>Selbstverständlich können Sie sich als Betroffener auch an die Landesstellen für Datenschutzaufsicht wenden:</p>
<p><strong>Der Landesbeauftragte für den Datenschutz</strong><br />
Königstraße 10A<br />
70173 Stuttgart<br />
Tel.: +49 711 615 54 10<br />
E-Mail: poststelle@lfdi.bwl.de</p>

<p>Angaben gemäß § 5 TMG: Andreas Volz Atelierwerkstatt Albert Volz Auf der Höhe 5 75387 Neubulach &#8211; Altbulach Kontakt: Telefon: +49 (0) 7053 3279 E-Mail: VolzAndl@t-online.de Haftungsausschluss (Disclaimer) Haftung für Inhalte Als Diensteanbieter sind wir gemäß § 7 Abs.1 TMG für eigene Inhalte auf diesen Seiten nach den allgemeinen Gesetzen verantwortlich. Nach §§ 8 bis [&hellip;]</p>
